{"id":436,"date":"2020-06-10T13:27:24","date_gmt":"2020-06-10T11:27:24","guid":{"rendered":"https:\/\/hese-tool.cz\/firmy\/?page_id=436"},"modified":"2025-04-22T18:30:48","modified_gmt":"2025-04-22T16:30:48","slug":"firmy","status":"publish","type":"page","link":"https:\/\/hese-tool.cz\/firmy\/","title":{"rendered":"Firmy"},"content":{"rendered":"[vc_row css=&#8221;.vc_custom_1591788635843{background-color: #ffffff !important;}&#8221;][vc_column css=&#8221;.vc_custom_1591788627472{background-color: #ffffff !important;}&#8221;][vc_column_text css_animation=&#8221;bounceIn&#8221;]\r\n<h5 style=\"text-align: center;\"><a href=\"https:\/\/hese-tool.cz\/firmy\/ferona-malesice\"><span style=\"color: #008000;\"><strong>Ferona Male\u0161ice<\/strong><\/span><\/a>\r\n<span style=\"color: #008000;\"><strong><a style=\"color: #008000;\" href=\"https:\/\/hese-tool.cz\/firmy\/ferona-hradec-kralove\">Ferona Hradec Kr\u00e1lov\u00e9<\/a><\/strong><\/span>\r\n<a href=\"https:\/\/hese-tool.cz\/firmy\/ferona-olomouc\/\"><strong><span style=\"color: #008000;\">Ferona Olomouc<\/span><\/strong><\/a>\r\n<a href=\"https:\/\/hese-tool.cz\/firmy\/ferona-ostrava\"><span style=\"color: #008000;\"><strong>Ferona Ostrava<\/strong><\/span><\/a>\r\n<span style=\"color: #008000;\"><strong><a style=\"color: #008000;\" href=\"https:\/\/hese-tool.cz\/firmy\/ferona-brno\/\">Ferona Brno<\/a><\/strong><\/span>\r\n<a href=\"https:\/\/hese-tool.cz\/firmy\/ferona-liberec\"><span style=\"color: #008000;\"><strong>Ferona Liberec<\/strong><\/span><\/a>\r\n<a href=\"https:\/\/hese-tool.cz\/firmy\/ferona-chomoutov\"><span style=\"color: #008000;\"><strong>Ferona Chomutov<\/strong><\/span><\/a>\r\n<a href=\"https:\/\/hese-tool.cz\/firmy\/ferona-plzen\"><strong><span style=\"color: #008000;\">Ferona Plze\u0148<\/span><\/strong><\/a>\r\n<a href=\"https:\/\/hese-tool.cz\/firmy\/ferona-ceske-budejovice\"><span style=\"color: #008000;\"><strong>Ferona \u010cesk\u00e9 Bud\u011bjovice<\/strong><\/span><\/a>\r\n<strong><span style=\"color: #008000;\"><a style=\"color: #008000;\" href=\"https:\/\/hese-tool.cz\/firmy\/ferona-nitra-sk\">Ferona Nitra Slovakia<\/a><\/span><\/strong>\r\n<strong><span style=\"color: #008000;\"><a style=\"color: #008000;\" href=\"https:\/\/hese-tool.cz\/firmy\/ferona-zilina-sk\">Ferona \u017dilina Slovakia<\/a><\/span><\/strong>\r\n<strong><span style=\"color: #008000;\"><a style=\"color: #008000;\" href=\"https:\/\/hese-tool.cz\/firmy\/ferona-kosice-sk\">Ferona Ko\u0161ice Slovakia<\/a><\/span><\/strong>\r\n<a href=\"https:\/\/hese-tool.cz\/firmy\/ssc-ostrava\"><span style=\"color: #008000;\"><strong>SSC Ostrava<\/strong><\/span><\/a>\r\n<span style=\"color: #008000;\"><a style=\"color: #008000;\" href=\"https:\/\/hese-tool.cz\/firmy\/ssc-hradec-kralove\"><strong>SSC Hradec Kr\u00e1lov\u00e9<\/strong><\/a><\/span>\r\n<span style=\"color: #008000;\"><strong><a style=\"color: #008000;\" href=\"https:\/\/hese-tool.cz\/firmy\/van-leeuwen\/\">Van Leeuwen Vy\u0161kov<\/a><\/strong><\/span>\r\n<span style=\"color: #008000;\"><strong><a style=\"color: #008000;\" href=\"https:\/\/hese-tool.cz\/firmy\/kovintrade\">Kovintrade Fr\u00fddlant nad Ostravic\u00ed<\/a><\/strong><\/span>\r\n<strong><a href=\"https:\/\/hese-tool.cz\/firmy\/kovarna-viva-zlin\/\"><span style=\"color: #008000;\">Kov\u00e1rna VIVA Zl\u00edn<\/span><\/a><\/strong>\r\n<span style=\"color: #008000;\"><strong><a style=\"color: #008000;\" href=\"https:\/\/hese-tool.cz\/firmy\/favex\/\">Favex Buchlovice<\/a><\/strong><\/span>\r\n<span style=\"color: #008000;\"><strong><a style=\"color: #008000;\" href=\"https:\/\/hese-tool.cz\/firmy\/processing-a-s-bruntal-alfun\">Alfun Brunt\u00e1l<\/a><\/strong><\/span>\r\nMechel Pardubice\r\n<span style=\"color: #008000;\"><strong><a style=\"color: #008000;\" href=\"https:\/\/hese-tool.cz\/firmy\/kondor-praha\/\">Kondor Praha<\/a><\/strong><\/span>\r\n<span style=\"color: #008000;\"><strong><a style=\"color: #008000;\" href=\"https:\/\/hese-tool.cz\/firmy\/mut-tuchomerice\/\">MUT Tubes Tuchom\u011b\u0159ice<\/a><\/strong><\/span>\r\n<span style=\"color: #008000;\"><strong><a style=\"color: #008000;\" href=\"https:\/\/hese-tool.cz\/firmy\/schwarzmuller-zebrak\">Schwarzm\u00fcller \u017debr\u00e1k<\/a><\/strong><\/span>\r\nFuksa L\u00ed\u0161ov\r\n<span style=\"color: #008000;\"><a style=\"color: #008000;\" href=\"https:\/\/hese-tool.cz\/firmy\/agrostroj\"><strong>Agrostroj Pelh\u0159imov<\/strong><\/a><\/span>\r\n<span style=\"color: #008000;\"><strong><a style=\"color: #008000;\" href=\"https:\/\/hese-tool.cz\/firmy\/kloboucka-lesni\">Klobouck\u00e1 lesn\u00ed Brumov-Bylnice<\/a><\/strong><\/span>\r\n<span style=\"color: #008080;\"><a style=\"color: #008080;\" href=\"https:\/\/hese-tool.cz\/firmy\/konig-stahle-poznan\"><strong><span style=\"color: #008000;\">K\u00f6nigStahl \u2013 Polsko<\/span><\/strong><\/a><\/span>\r\n<span style=\"color: #339966;\"><a style=\"color: #339966;\" href=\"https:\/\/hese-tool.cz\/firmy\/konigfrankstahl-senec-sk\"><strong><span style=\"color: #008000;\">K\u00f6nigFrankStahl \u2013 Slovensko<\/span><\/strong><\/a><\/span>\r\n<span style=\"color: #008000;\"><strong><a style=\"color: #008000;\" href=\"https:\/\/hese-tool.cz\/firmy\/preymesser-logistic\">Preymesser logistic<\/a>\r\n<a href=\"https:\/\/hese-tool.cz\/firmy\/weyland-stahlhandel\"><span style=\"color: #008000;\">Weyland Stahlhandel<\/span><\/a>\r\n<a href=\"https:\/\/hese-tool.cz\/firmy\/spap-a-s-bratislava\"><span style=\"color: #008000;\">SPaP a.s. Bratislava<\/span><\/a>\r\n<span style=\"text-decoration: underline;\"><span style=\"color: #008000;\"><a style=\"color: #008000; text-decoration: underline;\" href=\"https:\/\/hese-tool.cz\/firmy\/wertheim-t\">WERTHEIM T s.r.o.<\/a><\/span><\/span>\r\n<\/strong><\/span><\/h5>\r\n[\/vc_column_text][\/vc_column][\/vc_row]","protected":false},"excerpt":{"rendered":"<p>[vc_row css=&#8221;.vc_custom_1591788635843{background-color: #ffffff !important;}&#8221;][vc_column css=&#8221;.vc_custom_1591788627472{background-color: #ffffff !important;}&#8221;][vc_column_text css_animation=&#8221;bounceIn&#8221;] Ferona Male\u0161ice Ferona Hradec Kr\u00e1lov\u00e9 Ferona Olomouc Ferona Ostrava Ferona Brno Ferona Liberec Ferona Chomutov Ferona Plze\u0148 Ferona \u010cesk\u00e9 Bud\u011bjovice Ferona Nitra Slovakia Ferona \u017dilina Slovakia Ferona Ko\u0161ice Slovakia SSC Ostrava SSC Hradec Kr\u00e1lov\u00e9 Van Leeuwen Vy\u0161kov Kovintrade Fr\u00fddlant nad Ostravic\u00ed Kov\u00e1rna VIVA Zl\u00edn Favex Buchlovice Alfun [&hellip;]<\/p>\n","protected":false},"author":1,"featured_media":0,"parent":0,"menu_order":0,"comment_status":"closed","ping_status":"closed","template":"","meta":[],"_links":{"self":[{"href":"https:\/\/hese-tool.cz\/firmy\/wp-json\/wp\/v2\/pages\/436"}],"collection":[{"href":"https:\/\/hese-tool.cz\/firmy\/wp-json\/wp\/v2\/pages"}],"about":[{"href":"https:\/\/hese-tool.cz\/firmy\/wp-json\/wp\/v2\/types\/page"}],"author":[{"embeddable":true,"href":"https:\/\/hese-tool.cz\/firmy\/wp-json\/wp\/v2\/users\/1"}],"replies":[{"embeddable":true,"href":"https:\/\/hese-tool.cz\/firmy\/wp-json\/wp\/v2\/comments?post=436"}],"version-history":[{"count":59,"href":"https:\/\/hese-tool.cz\/firmy\/wp-json\/wp\/v2\/pages\/436\/revisions"}],"predecessor-version":[{"id":2215,"href":"https:\/\/hese-tool.cz\/firmy\/wp-json\/wp\/v2\/pages\/436\/revisions\/2215"}],"wp:attachment":[{"href":"https:\/\/hese-tool.cz\/firmy\/wp-json\/wp\/v2\/media?parent=436"}],"curies":[{"name":"wp","href":"https:\/\/api.w.org\/{rel}","templated":true}]}}